{"id":22,"date":"2013-08-06T17:25:19","date_gmt":"2013-08-06T15:25:19","guid":{"rendered":"http:\/\/www.veriteliapdsi.sk\/?page_id=22"},"modified":"2025-09-10T14:27:33","modified_gmt":"2025-09-10T12:27:33","slug":"dokumenty","status":"publish","type":"page","link":"https:\/\/www.veriteliapdsi.sk\/","title":{"rendered":"Dokumenty"},"content":{"rendered":"\n<p><strong>Oznam o zvolan\u00ed sch\u00f4dze verite\u013eov<\/strong><a href=\"https:\/\/www.veriteliapdsi.sk\/?p=8069\"> 22.09.2025<\/a>  <a href=\"https:\/\/www.veriteliapdsi.sk\/?p=8069\">  :    https:\/\/www.veriteliapdsi.sk\/?p=8069<\/a><\/p>\n\n\n<p><a href=\"http:\/\/www.veriteliapdsi.sk\/wp-content\/uploads\/\u017diados\u0165-o-poskytnutie-dokumentov-t\u00fdkaj\u00facich-sa-\u010dinnosti-spolo\u010dnosti-CAPIT\u00c1L-INVEST-o.-c.-p.-a.-s.-pri-spr\u00e1ve-majetku-Podielov\u00e9ho-dru\u017estva-slovensk\u00e9-invest\u00edcie.-.pdf\">2024 &#8211; V\u00fdzva &#8211; \u017diados\u0165-o-poskytnutie-dokumentov-t\u00fdkaj\u00facich-sa-\u010dinnosti-spolo\u010dnosti-CAPIT\u00c1L-INVEST-o.-c.-p.-a.-s.-pri-spr\u00e1ve-majetku-Podielov\u00e9ho-dru\u017estva-slovensk\u00e9-invest\u00edcie.-.pdf<\/a><\/p>\n<p><a href=\"http:\/\/www.veriteliapdsi.sk\/wp-content\/uploads\/V\u00e1\u017een\u00ed-veritelia-PDSI-pr\u00edhovor-30062022.pdf\">2022 &#8211; Pr\u00edhovor -Predseda Rady zdru\u017eenia \u2013 Ing. Du\u0161an Sta\u0148\u00e1k &#8211; 30,06,20221<\/a><\/p>\n<p><a href=\"http:\/\/www.veriteliapdsi.sk\/wp-content\/uploads\/Capital-Invest-Podnet-na-pokracovanie-v-TS-27.04.2022.pdf\">2022 &#8211; Podnet na pokra\u010dovanie v trestnom st\u00edhan\u00ed &#8211; 27.4.2022<\/a><\/p>\n<p><a href=\"http:\/\/www.veriteliapdsi.sk\/wp-content\/uploads\/Cena-poh\u013ead\u00e1vok-v-dedi\u010dskom-konan\u00ed.docx\">2022 &#8211; M\u00e1j &#8211; Cena poh\u013ead\u00e1vok v dedi\u010dskom konan\u00ed<\/a><\/p>\n<p><a href=\"http:\/\/www.veriteliapdsi.sk\/wp-content\/uploads\/2021-02-SPR\u00c1VA-O-\u010cINNOSTI-RADY-ZDRU\u017dENIA-1-1.pdf\">2021 &#8211; MAREC &#8211; SPR\u00c1VA-O-\u010cINNOSTI-RADY-ZDRU\u017dENIA-1-1.pdf<\/a><\/p>\n<p><a href=\"http:\/\/www.veriteliapdsi.sk\/wp-content\/uploads\/2021-02-Pr\u00edhovor-verite\u013eom-\u010d.-4-1-2.pdf\">2021 &#8211; MAREC &#8211; Pr\u00edhovor-verite\u013eom-\u010d.-4-1-2.pdf<\/a><\/p>\n<p><a href=\"http:\/\/www.veriteliapdsi.sk\/wp-content\/uploads\/2021-02-List-medi\u00e1m-1.pdf\">2021 &#8211; MAREC &#8211; LIST M\u00c9DIAM<\/a><\/p>\n<p><a href=\"http:\/\/www.veriteliapdsi.sk\/wp-content\/uploads\/Ako-sa-dru\u017estvo-dostalo-do-konkurzu..pdf\">Ako sa dostalo dru\u017estvo pod doh\u013eadom NBS do konkurzu.<\/a><\/p>\n<p><a href=\"http:\/\/www.veriteliapdsi.sk\/wp-content\/uploads\/G\u00e1l-MS-List-1-14-01-2020.pdf\">List ministrovi spravodlivosti SR Gaborovi G\u00e1lovi<\/a><\/p>\n<p><a href=\"http:\/\/www.veriteliapdsi.sk\/wp-content\/uploads\/2020-02-Guvern\u00e9r-NBS-list.pdf\">List zo d\u0148a 10.2.2020 Guvern\u00e9rovi NBS<\/a><\/p>\n<p><a href=\"http:\/\/www.veriteliapdsi.sk\/wp-content\/uploads\/trestn\u00e9_ozn\u00e1menie_na_CI-20100519.pdf\">Trestn\u00e9 ozn\u00e1menie z 19.5.2010 PDSI na CI<\/a><\/p>\n<p><a href=\"http:\/\/www.veriteliapdsi.sk\/wp-content\/uploads\/PDSI-\u017daloba-_na_CI-s_pe\u010diatkou.pdf\">\u017daloba PDSI na CI<\/a><\/p>\n<p><a href=\"http:\/\/www.veriteliapdsi.sk\/wp-content\/uploads\/List-verite\u013eom-PDSI-20012020.pdf\">20.1.2020 &#8211;\u00a0 List verite\u013eom\u00a0 -obozn\u00e1menie o zdru\u017een\u00ed a jeho \u010dinnosti<\/a><\/p>\n<p><a href=\"http:\/\/www.veriteliapdsi.sk\/wp-content\/uploads\/Podnet_Prezident-PZ.pdf\">Podnet Prezident PZ<\/a><\/p>\n<p><a href=\"http:\/\/www.veriteliapdsi.sk\/wp-content\/uploads\/Veritelia-dru\u017estva-dopis-na-MS-minister-G\u00e1l.pdf\">List zdru\u017eenia na Min. Vn\u00fatra SR ( p.G\u00e1l) &#8211; I.<\/a><\/p>\n<p><a href=\"http:\/\/www.veriteliapdsi.sk\/wp-content\/uploads\/Zdru\u017eenie-list-ministrovi-Galovi.pdf\">List zdru\u017eenia na Min. Vn\u00fatra\u00a0 SR ( p.G\u00e1l) &#8211; II.<\/a><\/p>\n<p><a href=\"http:\/\/www.veriteliapdsi.sk\/wp-content\/uploads\/Trestne-oznamenie-na-Letkovskeho.pdf\">Trestn\u00e9 ozn\u00e1menie na b\u00fdval\u00e9ho spr\u00e1vcu\u00a0<\/a><\/p>\n<p><a href=\"http:\/\/www.veriteliapdsi.sk\/wp-content\/uploads\/Dopln-Trest-ozn-na-Latkovskeho.pdf\">+ doplnenie tresn\u00e9ho ozn\u00e1menia na b\u00fdval\u00e9ho spr\u00e1vcu<\/a><\/p>\n<p><a href=\"http:\/\/www.veriteliapdsi.sk\/wp-content\/uploads\/Podnet_GP_PDSI.pdf\">Podnet_GP_PDSI<\/a><\/p>\n<p><a href=\"http:\/\/www.veriteliapdsi.sk\/wp-content\/uploads\/Podnet-zdr.-na-GP-pre\u0161-PZ-TO-CI.pdf\">Podnet zdru\u017eenia na GP<\/a><\/p>\n<p><a href=\"https:\/\/www.tyzden.sk\/casopis\/8774\/bitka-o-satanove-peniaze\/?ref=kat\">Nap\u00edsali o na\u0161om probl\u00e9me &#8211; M\u00e1j 2011 &#8211; \u010dasopis TY\u017dDE\u0147<\/a><\/p>\n<p><a href=\"https:\/\/openiazoch.zoznam.sk\/cl\/3545\/Sklamani-vkladatelia-hladaju-pomoc\">H\u013eadanie pomoci sklaman\u00fdch verite\u013eov nebankov\u00fdch firiem &#8211; Marec 2003<\/a><\/p>\n<p><a href=\"http:\/\/www.veriteliapdsi.sk\/wp-content\/uploads\/List-prezidentke-zo-dna-01-08-2019-.pdf\">List prezidentke 01.08.2019 &#8211; \u017diados\u0165 o pomoc, pre\u0161etrenie a osobn\u00fd z\u00e1sah z titulu poz\u00edcie Prezidentky Slovenskej Republiky<\/a><\/p>\n<p><a href=\"http:\/\/www.veriteliapdsi.sk\/wp-content\/uploads\/PREDVOLANIE-NA-POJEDN\u00c1VANIE-20-01-2020-.pdf\">Predvolanie na pojednavanie &#8211; na : 20.1.2020 &#8211; <\/a><a href=\"http:\/\/www.veriteliapdsi.sk\/wp-content\/uploads\/PREDVOLANIE-NA-POJEDN\u00c1VANIE-20-01-2020-.pdf\">Okresn\u00fd s\u00fad Bratislava V, Prokofievova 6 \u201312, 852 38 Bratislava\u00a0 <\/a><\/p>\n<p><a href=\"http:\/\/www.veriteliapdsi.sk\/wp-content\/uploads\/NBS-klu\u010dov\u00fd-protokol.8-jan-2008.pdf\">NBS klu\u010dov\u00fd protokol.8 jan 2008.pdf<\/a><\/p>\n<p><a href=\"http:\/\/www.veriteliapdsi.sk\/wp-content\/uploads\/Rozh-NBS-CI-2008.pdf\">Rozh NBS CI 2008.pdf<\/a><\/p>\n<p><a href=\"http:\/\/www.veriteliapdsi.sk\/wp-content\/uploads\/OSVED\u010cENIE-vyhl\u00e1senie-o-splnen\u00ed-podmienok-pre-z\u00e1pis-do-registra-ur\u010den\u00fdch-pr\u00e1vnick\u00fdch-os\u00f4b.pdf\">2 %\u00a0 &#8211; OSVED\u010cENIE vyhl\u00e1senie o splnen\u00ed podmienok pre z\u00e1pis do registra ur\u010den\u00fdch pr\u00e1vnick\u00fdch os\u00f4b.pdf<\/a><\/p>\n<p><a href=\"http:\/\/www.veriteliapdsi.sk\/?page_id=183\">Dokumenty PDSI &#8211; CAPITAL INVEST<\/a><\/p>\n<p><a href=\"http:\/\/www.veriteliapdsi.sk\/wp-content\/uploads\/VERITELIA-DRU\u017dSTVA-STANOVY-.pdf\">STANOVY<\/a><\/p>\n<p><a href=\"http:\/\/www.veriteliapdsi.sk\/wp-content\/uploads\/PLNOMOCENSTVO.pdf\">PLNOMOCENSTVO<\/a><\/p>\n<p><a href=\"http:\/\/www.veriteliapdsi.sk\/wp-content\/uploads\/Veritelia-dru\u017estva-Prihl\u00e1\u0161ka-za-\u010dlena.docx\">Prihl\u00e1\u0161ka za \u010dlena zdru\u017eenia &#8211; word<\/a><\/p>\n<p><a href=\"http:\/\/www.veriteliapdsi.sk\/wp-content\/uploads\/Veritelia-dru\u017estva-Prihl\u00e1\u0161ka-za-\u010dlena.pdf\">Prihl\u00e1\u0161ka za \u010dlena zdru\u017eenia &#8211; pdf<\/a><\/p>\n\n\n<p><\/p>\n","protected":false},"excerpt":{"rendered":"<p>Oznam o zvolan\u00ed sch\u00f4dze verite\u013eov 22.09.2025 : https:\/\/www.veriteliapdsi.sk\/?p=8069 2024 &#8211; V\u00fdzva &#8211; \u017diados\u0165-o-poskytnutie-dokumentov-t\u00fdkaj\u00facich-sa-\u010dinnosti-spolo\u010dnosti-CAPIT\u00c1L-INVEST-o.-c.-p.-a.-s.-pri-spr\u00e1ve-majetku-Podielov\u00e9ho-dru\u017estva-slovensk\u00e9-invest\u00edcie.-.pdf 2022 &#8211; Pr\u00edhovor -Predseda Rady zdru\u017eenia \u2013 Ing. Du\u0161an Sta\u0148\u00e1k &#8211; 30,06,20221 2022 &#8211; Podnet na pokra\u010dovanie v trestnom st\u00edhan\u00ed &#8211; 27.4.2022 2022 &#8211; M\u00e1j &#8211; Cena &hellip; <a href=\"https:\/\/www.veriteliapdsi.sk\/\">Pokra\u010dova\u0165 v \u010d\u00edtan\u00ed <span class=\"meta-nav\">&rarr;<\/span><\/a><\/p>\n","protected":false},"author":1,"featured_media":0,"parent":0,"menu_order":0,"comment_status":"open","ping_status":"open","template":"","meta":{"footnotes":""},"class_list":["post-22","page","type-page","status-publish","hentry"],"_links":{"self":[{"href":"https:\/\/www.veriteliapdsi.sk\/index.php?rest_route=\/wp\/v2\/pages\/22","targetHints":{"allow":["GET"]}}],"collection":[{"href":"https:\/\/www.veriteliapdsi.sk\/index.php?rest_route=\/wp\/v2\/pages"}],"about":[{"href":"https:\/\/www.veriteliapdsi.sk\/index.php?rest_route=\/wp\/v2\/types\/page"}],"author":[{"embeddable":true,"href":"https:\/\/www.veriteliapdsi.sk\/index.php?rest_route=\/wp\/v2\/users\/1"}],"replies":[{"embeddable":true,"href":"https:\/\/www.veriteliapdsi.sk\/index.php?rest_route=%2Fwp%2Fv2%2Fcomments&post=22"}],"version-history":[{"count":59,"href":"https:\/\/www.veriteliapdsi.sk\/index.php?rest_route=\/wp\/v2\/pages\/22\/revisions"}],"predecessor-version":[{"id":8074,"href":"https:\/\/www.veriteliapdsi.sk\/index.php?rest_route=\/wp\/v2\/pages\/22\/revisions\/8074"}],"wp:attachment":[{"href":"https:\/\/www.veriteliapdsi.sk\/index.php?rest_route=%2Fwp%2Fv2%2Fmedia&parent=22"}],"curies":[{"name":"wp","href":"https:\/\/api.w.org\/{rel}","templated":true}]}}

<p><strong>Oznam o zvolaní schôdze veriteľov</strong><a href="https://www.veriteliapdsi.sk/?p=8069"> 22.09.2025</a>  <a href="https://www.veriteliapdsi.sk/?p=8069">  :    https://www.veriteliapdsi.sk/?p=8069</a></p>


<p><a href="http://www.veriteliapdsi.sk/wp-content/uploads/Žiadosť-o-poskytnutie-dokumentov-týkajúcich-sa-činnosti-spoločnosti-CAPITÁL-INVEST-o.-c.-p.-a.-s.-pri-správe-majetku-Podielového-družstva-slovenské-investície.-.pdf">2024 &#8211; Výzva &#8211; Žiadosť-o-poskytnutie-dokumentov-týkajúcich-sa-činnosti-spoločnosti-CAPITÁL-INVEST-o.-c.-p.-a.-s.-pri-správe-majetku-Podielového-družstva-slovenské-investície.-.pdf</a></p>
<p><a href="http://www.veriteliapdsi.sk/wp-content/uploads/Vážení-veritelia-PDSI-príhovor-30062022.pdf">2022 &#8211; Príhovor -Predseda Rady združenia – Ing. Dušan Staňák &#8211; 30,06,20221</a></p>
<p><a href="http://www.veriteliapdsi.sk/wp-content/uploads/Capital-Invest-Podnet-na-pokracovanie-v-TS-27.04.2022.pdf">2022 &#8211; Podnet na pokračovanie v trestnom stíhaní &#8211; 27.4.2022</a></p>
<p><a href="http://www.veriteliapdsi.sk/wp-content/uploads/Cena-pohľadávok-v-dedičskom-konaní.docx">2022 &#8211; Máj &#8211; Cena pohľadávok v dedičskom konaní</a></p>
<p><a href="http://www.veriteliapdsi.sk/wp-content/uploads/2021-02-SPRÁVA-O-ČINNOSTI-RADY-ZDRUŽENIA-1-1.pdf">2021 &#8211; MAREC &#8211; SPRÁVA-O-ČINNOSTI-RADY-ZDRUŽENIA-1-1.pdf</a></p>
<p><a href="http://www.veriteliapdsi.sk/wp-content/uploads/2021-02-Príhovor-veriteľom-č.-4-1-2.pdf">2021 &#8211; MAREC &#8211; Príhovor-veriteľom-č.-4-1-2.pdf</a></p>
<p><a href="http://www.veriteliapdsi.sk/wp-content/uploads/2021-02-List-mediám-1.pdf">2021 &#8211; MAREC &#8211; LIST MÉDIAM</a></p>
<p><a href="http://www.veriteliapdsi.sk/wp-content/uploads/Ako-sa-družstvo-dostalo-do-konkurzu..pdf">Ako sa dostalo družstvo pod dohľadom NBS do konkurzu.</a></p>
<p><a href="http://www.veriteliapdsi.sk/wp-content/uploads/Gál-MS-List-1-14-01-2020.pdf">List ministrovi spravodlivosti SR Gaborovi Gálovi</a></p>
<p><a href="http://www.veriteliapdsi.sk/wp-content/uploads/2020-02-Guvernér-NBS-list.pdf">List zo dňa 10.2.2020 Guvernérovi NBS</a></p>
<p><a href="http://www.veriteliapdsi.sk/wp-content/uploads/trestné_oznámenie_na_CI-20100519.pdf">Trestné oznámenie z 19.5.2010 PDSI na CI</a></p>
<p><a href="http://www.veriteliapdsi.sk/wp-content/uploads/PDSI-Žaloba-_na_CI-s_pečiatkou.pdf">Žaloba PDSI na CI</a></p>
<p><a href="http://www.veriteliapdsi.sk/wp-content/uploads/List-veriteľom-PDSI-20012020.pdf">20.1.2020 &#8211;  List veriteľom  -oboznámenie o združení a jeho činnosti</a></p>
<p><a href="http://www.veriteliapdsi.sk/wp-content/uploads/Podnet_Prezident-PZ.pdf">Podnet Prezident PZ</a></p>
<p><a href="http://www.veriteliapdsi.sk/wp-content/uploads/Veritelia-družstva-dopis-na-MS-minister-Gál.pdf">List združenia na Min. Vnútra SR ( p.Gál) &#8211; I.</a></p>
<p><a href="http://www.veriteliapdsi.sk/wp-content/uploads/Združenie-list-ministrovi-Galovi.pdf">List združenia na Min. Vnútra  SR ( p.Gál) &#8211; II.</a></p>
<p><a href="http://www.veriteliapdsi.sk/wp-content/uploads/Trestne-oznamenie-na-Letkovskeho.pdf">Trestné oznámenie na bývalého správcu </a></p>
<p><a href="http://www.veriteliapdsi.sk/wp-content/uploads/Dopln-Trest-ozn-na-Latkovskeho.pdf">+ doplnenie tresného oznámenia na bývalého správcu</a></p>
<p><a href="http://www.veriteliapdsi.sk/wp-content/uploads/Podnet_GP_PDSI.pdf">Podnet_GP_PDSI</a></p>
<p><a href="http://www.veriteliapdsi.sk/wp-content/uploads/Podnet-zdr.-na-GP-preš-PZ-TO-CI.pdf">Podnet združenia na GP</a></p>
<p><a href="https://www.tyzden.sk/casopis/8774/bitka-o-satanove-peniaze/?ref=kat">Napísali o našom probléme &#8211; Máj 2011 &#8211; časopis TYŽDEŇ</a></p>
<p><a href="https://openiazoch.zoznam.sk/cl/3545/Sklamani-vkladatelia-hladaju-pomoc">Hľadanie pomoci sklamaných veriteľov nebankových firiem &#8211; Marec 2003</a></p>
<p><a href="http://www.veriteliapdsi.sk/wp-content/uploads/List-prezidentke-zo-dna-01-08-2019-.pdf">List prezidentke 01.08.2019 &#8211; Žiadosť o pomoc, prešetrenie a osobný zásah z titulu pozície Prezidentky Slovenskej Republiky</a></p>
<p><a href="http://www.veriteliapdsi.sk/wp-content/uploads/PREDVOLANIE-NA-POJEDNÁVANIE-20-01-2020-.pdf">Predvolanie na pojednavanie &#8211; na : 20.1.2020 &#8211; </a><a href="http://www.veriteliapdsi.sk/wp-content/uploads/PREDVOLANIE-NA-POJEDNÁVANIE-20-01-2020-.pdf">Okresný súd Bratislava V, Prokofievova 6 –12, 852 38 Bratislava  </a></p>
<p><a href="http://www.veriteliapdsi.sk/wp-content/uploads/NBS-klučový-protokol.8-jan-2008.pdf">NBS klučový protokol.8 jan 2008.pdf</a></p>
<p><a href="http://www.veriteliapdsi.sk/wp-content/uploads/Rozh-NBS-CI-2008.pdf">Rozh NBS CI 2008.pdf</a></p>
<p><a href="http://www.veriteliapdsi.sk/wp-content/uploads/OSVEDČENIE-vyhlásenie-o-splnení-podmienok-pre-zápis-do-registra-určených-právnických-osôb.pdf">2 %  &#8211; OSVEDČENIE vyhlásenie o splnení podmienok pre zápis do registra určených právnických osôb.pdf</a></p>
<p><a href="http://www.veriteliapdsi.sk/?page_id=183">Dokumenty PDSI &#8211; CAPITAL INVEST</a></p>
<p><a href="http://www.veriteliapdsi.sk/wp-content/uploads/VERITELIA-DRUŽSTVA-STANOVY-.pdf">STANOVY</a></p>
<p><a href="http://www.veriteliapdsi.sk/wp-content/uploads/PLNOMOCENSTVO.pdf">PLNOMOCENSTVO</a></p>
<p><a href="http://www.veriteliapdsi.sk/wp-content/uploads/Veritelia-družstva-Prihláška-za-člena.docx">Prihláška za člena združenia &#8211; word</a></p>
<p><a href="http://www.veriteliapdsi.sk/wp-content/uploads/Veritelia-družstva-Prihláška-za-člena.pdf">Prihláška za člena združenia &#8211; pdf</a></p>


<p></p>

<p>Oznam o zvolaní schôdze veriteľov 22.09.2025 : https://www.veriteliapdsi.sk/?p=8069 2024 &#8211; Výzva &#8211; Žiadosť-o-poskytnutie-dokumentov-týkajúcich-sa-činnosti-spoločnosti-CAPITÁL-INVEST-o.-c.-p.-a.-s.-pri-správe-majetku-Podielového-družstva-slovenské-investície.-.pdf 2022 &#8211; Príhovor -Predseda Rady združenia – Ing. Dušan Staňák &#8211; 30,06,20221 2022 &#8211; Podnet na pokračovanie v trestnom stíhaní &#8211; 27.4.2022 2022 &#8211; Máj &#8211; Cena &hellip; <a href="https://www.veriteliapdsi.sk/">Pokračovať v čítaní <span class="meta-nav">&rarr;</span></a></p>
